alculate f(9).
38
Let h(r) be the second derivative of -r**8/6720 + r**7/420 + r**6/360 - r**5/30 + 13*r**4/6 + 11*r. Let y(c) be the third derivative of h(c). What is y(6)?
8
Let b = -1199 + 1201. Let q be ((-5)/(-3) - 1)*3. Let a(p) = -p + 3*p**q - 2*p**b - 3*p - 6. Give a(5).
-1
Let f be 8 - (-5)/(25/10). Let z(g) = -f + 2 + 9 - 3*g**2 - 3*g**3 + g + 5*g**3. Calculate z(2).
7
Let v = 18 + -16. Let g(w) = 7 + 4*w + 2*w**3 + w**2 - 2*w**2 + 5*w**v - 3*w**3. Give g(5).
2
Suppose 162 = 25*u + 12. Let t(m) = m**3 - 6*m**2 - 3*m + 3. Give t(u).
-15
Let c(l) = l**2 - l + 1. Let g(a) = -a**3 + 5*a**2 - 6*a + 6. Let d(w) = 4*c(w) - g(w). Determine d(2).
6
Let i(u) be the second derivative of u**4/12 - u**3 + 5*u**2/2 - 50*u. Give i(5).
0
Suppose 1 = -2*u - 7. Let s(w) be the second derivative of -3*w + 1/6*w**3 + 1/3*w**4 + 0 + 5/2*w**2 + 1/20*w**5. Give s(u).
1
Suppose -2*u + w - 4 + 1 = 0, -4*w = -5*u. Let m = -9 - u. Let c(r) = r + 5. What is c(m)?
0
Let g(x) = x**3 - 5*x**2 + 6. Let c = 52 + -33. Let h = c + -14. Calculate g(h).
6
Let b(t) be the third derivative of -1/8*t**4 + 0*t - 8*t**2 + 0 + 2/3*t**3. Let i(q) = 3*q - 3. Let v(a) = -3*b(a) - 2*i(a). Calculate v(4).
6
Let h(j) = -16*j**3 + 23*j**2 + 25*j + 7. Let x(y) = 5*y**3 - 7*y**2 - 8*y - 2. Let f(b) = -4*h(b) - 13*x(b). Give f(3).
-26
Let l(y) = 3*y - 20. Let h be l(8). Let q(r) = 7*r**2 + h*r**3 - 5*r**3 - 1 - 1 + 3. Give q(7).
1
Suppose -3*x = 3*c + 4 - 7, -3*x + 15 = -3*c. Let m(t) be the second derivative of -t**5/20 + t**4/3 - t**3/6 + 2*t**2 - t. Determine m(x).
10
Let z(l) = -2*l**2 - 2*l. Suppose 4*x + 3462 = 3454. What is z(x)?
-4
Let o = 35 - 35. Suppose 0*x + x - 5*n - 14 = o, -4*x - 28 = n. Let g(p) = 2 + 2*p - 1 + 0*p. Give g(x).
-11
Let q(t) = -t + 1. Suppose 9*f - 24 = 4*f - 3*o, -4*f + 3 = -3*o. What is q(f)?
-2
Let w(z) = -z**2 + 5*z. Let x(d) = -2*d**2 + 10*d + 2. Let q(s) = -5*w(s) + 2*x(s). Calculate q(5).
4
Let o(l) = 2*l**3 - l + 2. Let v(r) = 5*r**3 + 7*r**2 + 2*r + 1. Let y(c) = 2*o(c) - v(c). Calculate y(-3).
-21
Let c(r) = r**3 - 19*r**2 - 19*r + 1. Suppose -18*y - 23 = -383. Calculate c(y).
21
Let x = 41 - 38. Let i(d) = -3*d - d**2 - 3*d**2 + d**x + 136 - 137. Give i(5).
9
Let j(d) = 17*d - 9. Let n(p) = -37*p + 19. Let y(c) = -13*j(c) - 6*n(c). What is y(-6)?
-3
Let t(c) = 17*c**2 - 33*c + 22. Let n(g) = -4*g**2 + 9*g - 6. Let d(h) = 22*n(h) + 6*t(h). Suppose 2*p = -1 - 1. Calculate d(p).
14
Suppose 0 = -4*a - 2*p + 4, 5*a - 5 = -0*a + 2*p. Let m(g) be the third derivative of -g**4/24 + 2*g**2 + 16*g. Give m(a).
-1
Let z(j) be the first derivative of j**4/4 + 7*j**3/3 + 11*j**2/2 + j + 47. Give z(-5).
-4
Let p(c) = c**2 + 2*c - 1. Let k be ((-20)/(-30))/(1/18). Suppose 0 = 5*r - 37 + k. Let h = r + -7. What is p(h)?
-1
Let v = 11/24 - -49/24. Let m(p) be the first derivative of -v*p**2 - p + 4 + 1/3*p**3. Calculate m(5).
-1
Let c(r) = -704*r + 705*r - 5*r**2 - 3*r**2 - r**3 + 2 + 4*r**2. What is c(-4)?
-2
Let h(d) = -5*d + 14 - 34*d**2 - 4*d - d**3 + 18*d**2 + 5*d**2. What is h(-10)?
4
Let b be ((-14)/(-21))/((-20)/9 - -2). Let x(d) = 2*d**2. Calculate x(b).
18
Let t be -1 + 0 + 1 + 2. Let r(n) be the third derivative of n**5/15 - n**4/24 - n**3/3 + 11*n**2. What is r(t)?
12
Let a(y) = -6*y - 5. Let r(n) = 6*n + 3. Let p(s) = -2*a(s) - 3*r(s). What is p(-1)?
7
Let j(i) = 4*i + 5. Let q(y) = -2*y - 2. Let u(g) = 4*j(g) + 10*q(g). Give u(4).
-16
Let y(c) = c**3 + 5*c + c - 2*c**3 - 60 + 3*c**2 + 62. Give y(5).
-18
Let p(g) = 2*g**2 + 10*g - 8. Let i be p(-6). Let z(w) be the second derivative of 0 + 1/20*w**5 - 1/2*w**2 - 2*w - 1/6*w**3 + 0*w**i. Determine z(-2).
-7
Let u(l) be the first derivative of 1/3*l**3 + 13 + 5/2*l**2 - 2*l. Calculate u(-4).
-6
Let p be (-8)/(-2) - (-4 - 41 - -4). Suppose -11 = -8*b + p. Let v(n) = n**3 - 8*n**2 + 9*n - 4. What is v(b)?
10
Let a(z) = 7*z**3 + 7*z**2 - 7*z + 3. Let d(c) = -4*c**3 - 4*c**2 + 4*c - 2. Let r(f) = 3*a(f) + 5*d(f). Determine r(-2).
-3
Suppose 5*n + 141 = -0*a + 2*a, 3*n - 4*a = -93. Let b = n - -24. Let x(j) be the third derivative of -j**5/60 - j**4/12 - 2*j**3/3 - 2*j**2. Determine x(b).
-7
Let h = -1 + 3. Let u(d) = d**h - d + 0*d**2 + d**3 + 4 + 0*d**2. Suppose o - 4*t - 30 = -10, -5*o = 4*t + 20. Determine u(o).
4
Let s(o) be the first derivative of -o**4/4 - 29*o**3/3 - o**2/2 - 23*o - 1. Let k be s(-29). Let n(c) be the first derivative of -c**2/2 + 8*c - 1. Give n(k).
2
Suppose -5*i + 0*a - 4*a = -27, 0 = 5*i - a - 12. Suppose i*v = -0*v + 6. Let j(z) = -2*z + 109. Let c(q) = 3*q - 131. Let s(t) = -5*c(t) - 6*j(t). Give s(v).
-5
Let b(y) = y**3 + 8*y**2 - 2*y - 13. Let j be b(-8). Let a(n) = 0*n**3 - n**2 - 4 + n**j + 373*n - 374*n + 0*n**3. Calculate a(0).
-4
Let u(d) = -d**3 - 7*d**2 - 2*d - 17. Suppose -22 = 2*b - 2*l - 8, 4*b = -l - 28. Let i be u(b). Let w(r) = -r - 2. Calculate w(i).
1
Let p(z) be the first derivative of -z**2/2 + 41. Determine p(-4).
4
Let r(j) be the third derivative of -j**5/60 + j**4/24 + 7*j**3/6 - j**2 + 4*j. What is r(-6)?
-35
Let p(n) = n**2 + 4*n + 4. Let a be p(-6). Suppose -3*f = -a - 5. Let j(m) = f + m**3 - 3*m + 3*m + 2*m - 1 + 5*m**2. Give j(-5).
-4
Suppose 0 = 12*w - 63 + 15. Let b(o) = -o - 14 + 11 - w. Calculate b(-6).
-1
Let v(d) = 6*d**2 - 1 + 3 + 2*d - 3. Let h be (2 + (-6)/3)/(5 - 6). Suppose h = 5*b + 7*b - 12. Calculate v(b).
7
Suppose -19 - 2 = -3*o. Suppose -3*f - t + 1 = -o, -2*f = 2*t. Let l(q) = -7*q - 9. Let c(y) = -3*y - 4. Let a(j) = -9*c(j) + 4*l(j). What is a(f)?
-4
Let f(j) = j**2 + 8*j - 3. Let u be 34/255 + -3 + 124/(-30). Determine f(u).
-10
Let u(l) be the first derivative of -l**6/360 + l**5/20 - 10*l**3/3 - 1. Let t(a) be the third derivative of u(a). Determine t(5).
5
Let n(h) = h**3 - 3*h**2 + 2*h + 1. Let a(v) = -2*v + 10. Let p be a(5). Suppose 3*x + x - 6 = -3*i, i - x - 2 = p. Determine n(i).
1
Let o(u) = 2*u - 2. Let j be (-159 - -158)*(-6)/1. Determine o(j).
10
Let n(j) be the first derivative of j**2/2 - 6. Let f be 2/48*-3 - 165/(-40). Calculate n(f).
4
Suppose -3*g + 20 = -5*t - 8*g, 0 = -3*t - 5*g - 20. Let p be 7 + 1 + t + -4. Let q(j) = p*j + 4 - 2 - j - 2*j. Determine q(-6).
-4
Let d(t) = 160*t + 159*t - 4*t**2 + 5 - 317*t + 11*t**2 + 2*t**3. Calculate d(-4).
-19
Suppose 0 = 27*o - 22*o + 50. Let a(n) = n**2 + 8*n - 19. Determine a(o).
1
Let h(u) be the first derivative of -4*u**2 + 13 - 1/3*u**3 - 4*u. Give h(-6).
8
Suppose 12 = 4*h - h - 4*s, -6 = -3*h + 2*s. Let y(l) = l**2 - 5 - 11*l**3 - 1 + 12*l**3. Determine y(h).
-6
Let r(p) = p**3 - p**2 + p + 11. Let l = 12 - -3. Suppose -n + 10*k = 5*k + l, 12 = -n + 4*k. Determine r(n).
11
Let p(o) be the second derivative of -o**3/2 - 5*o**2/2 + 209*o. Determine p(-6).
13
Let u(s) = -3*s - 29. Let m be u(-11). Let i(w) = -m - w + 19 - 8. What is i(5)?
2
Suppose 11*c + 3*q = 16*c + 1, 3*c + 5*q + 21 = 0. Let n(h) = 3 + h - 2*h - h**3 - 2. What is n(c)?
11
Let o(c) = 2*c**2 + 6*c - 6. Let p be o(1). Let i(f) be the second derivative of 1/20*f**5 + 1/4*f**4 - 2/3*f**3 + 0 - 3*f - 5/2*f**p. What is i(-4)?
-5
Suppose -5 = 7*d + 9. Let b(y) = 3*y**2 + 2*y - 2. What is b(d)?
6
Let j(b) = -b + 1. Let u(o) = -8*o - 3. Let p(k) = -6*j(k) + u(k). Determine p(-5).
1
Let f(d) = -d - 5. Suppose 4*a = -0*a - 28. Let r be f(a). Let i(j) = -j**3 + 5*j - 3 - 3*j - 2*j**2 + r. Give i(-3).
2
Let r(l) = -l**2 - l + 3. Let m(q) = -q**3 + q**2 - q + 4. Suppose 2*g = 4*g. Let n be m(g). Give r(n).
-17
Suppose -13 = m - 3*a, 2*a - 20 = -5*m - 0*m. Let p(i) be the first derivative of -2 - i**m + 2 - 3 - 7*i. Give p(-5).
3
Let v(z) = z**2 + 0*z + 1 + 1 + z. Suppose 4*i + 16 = 0, -n + 4*i - 4 + 20 = 0. Determine v(n).
2
Suppose 4*b = 5*o + 2, 0 = -b - 4*b + 3*o + 9. Let t(u) = -6*u - b + 5*u + 3*u. Let g be t(5). Let h(k) = k**3 - 7*k**2 + 2. Determine h(g).
2
Let d(g) = 13*g**2 - g + 1. Let a(m) = 28*m**2 - 2*m + 2. Let n(z) = -6*a(z) + 13*d(z). Determine n(5).
21
Let k(a) be the first derivative of a**3/3 + 6*a**2 + 6*a + 10. Calculate k(-9).
-21
Let u(k) be the second derivative of -k**3/6 - k**2/2 - 28*k - 2. Suppose -22 = -3*z - 5*m - 7, 3*z - 4*m + 12 = 0. Give u(z).
-1
Let l(q) = q - 8. Let t(u) be the first derivative of -u**3/3 - 3*u**2 + u + 6. Let x be t(-5). Suppose m - x*m = -30. Give 